3
What is the highest common factor of 13404 and 8?
4
Calculate the highest common factor of 258 and 52675.
43
Calculate the highest common divisor of 5916 and 32385.
51
What is the highest common divisor of 33567 and 2613?
201
What is the highest common factor of 337365 and 19404?
441
Calculate the highest common factor of 41 and 503.
1
What is the greatest common factor of 51588 and 72?
36
Calculate the highest common divisor of 209 and 12882.
19
Calculate the highest common divisor of 336 and 24540.
12
What is the highest common factor of 714 and 8232?
42
Calculate the greatest common divisor of 48289 and 86.
43
Calculate the highest common divisor of 2430 and 1110.
30
Calculate the greatest common divisor of 718 and 120983.
359
What is the highest common factor of 468 and 3042?
234
Calculate the greatest common divisor of 131851 and 711.
79
What is the greatest common divisor of 15960 and 5928?
456
What is the greatest common factor of 571447 and 958?
479
What is the greatest common divisor of 662124 and 69?
69
What is the highest common factor of 12514446 and 378?
378
Calculate the greatest common factor of 196042 and 350.
14
What is the greatest common factor of 1404 and 39429?
117
Calculate the greatest common divisor of 905 and 29330.
5
Calculate the greatest common divisor of 428259 and 3239.
79
What is the highest common divisor of 1960 and 37800?
280
Calculate the greatest common factor of 14 and 33390.
14
What is the greatest common factor of 667194 and 1815?
363
Calculate the highest common factor of 25638 and 30.
6
Calculate the highest common factor of 6428 and 32.
4
What is the highest common divisor of 20 and 13122?
2
Calculate the greatest common factor of 3570 and 119070.
210
What is the greatest common divisor of 1096 and 2329?
137
What is the greatest common factor of 2592 and 38394?
162
What is the greatest common factor of 1990 and 90346?
398
Calculate the greatest common factor of 2816450 and 1300.
650
Calculate the greatest common divisor of 263 and 3875831.
263
What is the highest common divisor of 2480 and 313100?
620
Calculate the greatest common divisor of 6016 and 25380.
188
Calculate the highest common factor of 936 and 22256.
104
What is the highest common factor of 88 and 138622?
22
What is the greatest common divisor of 6956 and 1880?
188
What is the greatest common factor of 134 and 4519?
1
Calculate the highest common divisor of 414054 and 18.
18
What is the greatest common factor of 471 and 1149397?
157
What is the highest common divisor of 289259 and 278?
139
What is the highest common factor of 835520 and 490?
70
What is the greatest common divisor of 175080 and 640?
40
Calculate the greatest common divisor of 86 and 40119.
43
Calculate the highest common factor of 266 and 245290.
38
What is the greatest common divisor of 450060 and 12?
12
What is the highest common factor of 45 and 84900?
15
Calculate the highest common factor of 8476 and 4134.
26
What is the greatest common factor of 4225770 and 470?
470
Calculate the greatest common factor of 3075 and 6000.
75
What is the greatest common divisor of 879236 and 4?
4
What is the highest common divisor of 269000 and 125?
125
What is the highest common factor of 1256 and 136?
8
What is the greatest common divisor of 4784 and 36340?
92
What is the greatest common divisor of 44487 and 9?
9
Calculate the highest common divisor of 23 and 82685.
23
Calculate the highest common factor of 1002 and 2694.
6
Calculate the highest common factor of 5439 and 90021.
111
What is the greatest common factor of 2010 and 11250?
30
What is the greatest common factor of 1 and 2358?
1
Calculate the greatest common factor of 36 and 9279.
9
Calculate the highest common factor of 66 and 2315984.
22
What is the greatest common divisor of 198 and 531014?
22
What is the highest common divisor of 16349 and 5?
1
Calculate the highest common divisor of 3681 and 801.
9
What is the highest common divisor of 93 and 113491?
31
Calculate the greatest common factor of 600 and 7400.
200
What is the highest common factor of 39392 and 800?
32
Calculate the greatest common factor of 4000 and 4064.
32
Calculate the greatest common factor of 20 and 627610.
10
What is the greatest common divisor of 969 and 389424?
57
What is the highest common divisor of 637 and 6076?
49
What is the highest common factor of 44060 and 20?
20
What is the highest common factor of 340056 and 72?
72
Calculate the highest common divisor of 9954 and 3950.
158
Calculate the greatest common factor of 488 and 107116.
244
Calculate the greatest common divisor of 54606 and 15328.
958
Calculate the highest common factor of 32 and 5296.
16
Calculate the greatest common divisor of 19880 and 320.
40
Calculate the highest common divisor of 478490 and 1180.
590
What is the highest common factor of 3284064 and 378?
378
What is the greatest common divisor of 1386 and 11418?
66
What is the greatest common divisor of 57084 and 1491?
213
Calculate the highest common divisor of 33293 and 2171.
13
What is the greatest common factor of 131064 and 192?
24
Calculate the greatest common divisor of 1590511 and 13.
13
What is the highest common divisor of 137 and 291673?
137
Calculate the highest common divisor of 57776 and 552.
184
Calculate the greatest common factor of 6678 and 257922.
126
Calculate the greatest common factor of 43407 and 52.
13
Calculate the greatest common divisor of 1878252 and 12.
12
What is the highest common factor of 72 and 17622?
18
What is the greatest common divisor of 242 and 177870?
242
What is the greatest common factor of 16470 and 3050?
610
Calculate the greatest common factor of 9028 and 4144.
148
What is the greatest common divisor of 2667 and 3429?
381
Calculate the greatest common divisor of 125 and 143875.
125
Calculate the greatest common factor of 77 and 274747.
11
What is the greatest common factor of 5 and 93281?
1
What is the greatest common factor of 110138 and 154?
14
Calculate the greatest common factor of 21 and 1264683.
21
What is the highest common factor of 150 and 251310?
30
What is the greatest common factor of 2968 and 1505147?
371
What is the highest common factor of 120 and 451752?
24
Calculate the greatest common divisor of 2738232 and 168.
168
What is the greatest common divisor of 1647 and 900?
9
Calculate the highest common divisor of 78195 and 1560.
195
Calculate the highest common factor of 551385 and 225.
45
Calculate the greatest common divisor of 214052 and 3776.
236
What is the highest common factor of 19578 and 52?
26
What is the highest common factor of 217978 and 292?
146
Calculate the highest common factor of 508 and 1004697.
127
What is the highest common factor of 11782 and 16166?
274
What is the highest common divisor of 8 and 1487440?
8
What is the greatest common factor of 29673 and 3024?
189
Calculate the highest common factor of 192333 and 9.
3
Calculate the highest common divisor of 22518 and 90.
18
Calculate the highest common factor of 11997 and 2914.
31
Calculate the greatest common factor of 472968 and 18.
18
Calculate the highest common divisor of 3677497 and 3202.
1601
Calculate the highest common factor of 142268 and 56.
28
Calculate the greatest common factor of 2639 and 2561.
13
What is the highest common factor of 21 and 24066?
21
Calculate the highest common factor of 179552 and 448.
32
What is the highest common divisor of 5244935 and 185?
185
Calculate the greatest common divisor of 391675 and 25.
25
What is the highest common divisor of 32829 and 67423?
353
What is the highest common divisor of 1508 and 1014?
26
What is the highest common divisor of 176 and 20647?
11
Calculate the highest common divisor of 154 and 3402.
14
Calculate the highest common divisor of 342587 and 14.
7
What is the highest common divisor of 18 and 5440362?
6
Calculate the highest common factor of 105 and 403130.
35
What is the greatest common divisor of 9119 and 847?
11
Calculate the greatest common divisor of 1919 and 11362.
19
What is the greatest common divisor of 1161 and 2781?
27
What is the highest common divisor of 28294 and 2408?
602
What is the greatest common divisor of 7562 and 9950?
398
What is the highest common factor of 25600 and 2925?
25
Calculate the greatest